Evaluate -41 + 6 + 21 + (2 - 21).
-33
Evaluate (-3 - 14) + (2 - -11).
-4
-1 - ((-11 - -6) + (-7 - -10 - -8))
-7
What is the value of -1 - (1 - 7) - (33 + -15 - 24)?
11
Calculate -3 - (0 + -4) - (38 - 24).
-13
Evaluate (-18 - -25) + (-2 - -2) + -6.
1
Evaluate (4 + -12 - (-6 - (10 - 7))) + 22.
23
What is -5 + (-6 - -15) - (2 + 9)?
-7
What is (6 - -14 - -3) + -18?
5
Evaluate -1 - 3 - -14 - 13 - (8 - 2).
-9
Evaluate -17 - ((-8 - -13) + -38 - -4).
12
0 - ((1 + 5 - 0) + 30 + -39)
3
What is (19 - (2 + 21)) + 1 + 6?
3
-72 + 86 + 2 + -2
14
-3 - ((-5 - -2) + -9 - (23 + -26))
6
-11 - ((90 - 100) + 0 + -23) - 4
18
What is the value of -20 - ((-16 - -45) + -24)?
-25
Calculate 0 + 7 - 18 - -7.
-4
Evaluate (11 - 1 - (-34 - -32)) + 10.
22
(-70 - -67) + (-3 - -3) - 6
-9
What is the value of 5 + -2 + -13 + 18 + 14?
22
1 + 3 + (-2 - (-6 + (-4 - -6)))
6
2 + 26 + -7 + -18
3
Calculate -19 + 1 + (-49 - -45).
-22
Calculate 0 - -7 - (-7 - (-3 + -4)).
7
Evaluate (17 - (53 - 14)) + 49.
27
Calculate -4 + -13 + 15 - -2 - 12.
-12
What is (9 - 11) + 49 + -23?
24
What is the value of (-317 - -348) + (-3 - -5)?
33
23 + 2 + (-10 + -3 - -6) + 2
20
(-2 - 12) + (8 - -6)
0
What is (-14 + 0 - -2) + 20?
8
What is 33 + (-10 - ((2 - -2) + -1))?
20
What is the value of -24 + 12 + (21 - 9)?
0
Evaluate 14 + -1 + -13 + 1.
1
What is the value of -1 - 6 - (674 - 691)?
10
What is -8 - ((0 - 2) + 2) - (-9 - -5)?
-4
What is the value of -8 - -8 - 3 - (-9 + -4) - 2?
8
4 - (0 + (7 - (5 - 6)))
-4
Evaluate -20 - (-15 + (-3 - 5)).
3
10 + (49 + -50 - ((2 - -1) + 0))
6
Evaluate 10 - 1 - (-4 - (32 + -62)).
-17
Evaluate 8 - (-12 + 8 + 7).
5
(1 - -3) + (2 - (9 + -11))
8
-3 - (7 - (-26 + -4))
-40
Evaluate -1 + 3 + 6 + 1 + -2.
7
What is 28 + (-1 - 0) + (-9 - -22) + -18?
22
-11 + -2 + (-6 - (-11 - -17))
-25
What is the value of -780 - -807 - (-1 - -30)?
-2
(15 - (-7 - -14)) + (-18 - -4)
-6
1 + (-5 - (-11 + 24)) + (-1 - -3)
-15
What is (3 - 1) + -8 + 2 + -7?
-11
-7 + (33 - (-23 - -41))
8
Evaluate -73 + 72 - (-1 - 8).
8
Calculate -9 + -1 - (-5 + (19 - 14) - -10).
-20
What is the value of 33 - (3 - (9 - 22))?
17
Evaluate -7 - (-11 + (-5 + 5 + 7 - 5)).
2
-18 - (15 - 42 - -8)
1
Evaluate -21 - 3 - (-2 - 8).
-14
What is -15 - -17 - -20 - 41?
-19
What is the value of 287 - 285 - (6 - 1)?
-3
(-5 + (4 + -6 - -5) - 1) + -3
-6
Calculate 22 + -13 + -3 + 21 + -2.
25
Calculate 5 + (26 - 12) + 7.
26
Evaluate 4 + -2 - (117 - 95).
-20
Evaluate 77 - 51 - 28 - (1 + 1 + 4).
-8
What is -140 + 156 + (-3 - -2) + 1?
16
-1 - (-5 - (2 - (6 - 5)) - 1)
6
What is the value of 38 - (2 - (-69 + 20))?
-13
17 - (4 - -12 - (13 + 2))
16
What is the value of 2 - 17 - (-27 + 18)?
-6
Calculate -6 + 6 + (9 - ((0 - -2) + 1)).
6
What is (3 - 17 - -15) + -5 + -8?
-12
What is -39 - (-22 + 40 + -41)?
-16
Calculate 8 + -4 - (-8 + (6 - 8)).
14
What is -1 + (-1 - (-3 + 9) - 1)?
-9
-6 + (12 - 0) + 6 + 0 + -6
6
What is the value of -9 + (-13 - (1 - (12 - 6)))?
-17
What is (1 - 27) + (926 - 927)?
-27
Calculate 9 + -1 + (-9 - (-5 - 4)).
8
What is the value of 5 - (9 - ((-4 - 2) + (-75 - -73)))?
-12
-5 - 4 - (-45 + 23)
13
Evaluate -7 - (-3 + -7 + 4) - (-12 - -13).
-2
What is the value of 5 + 1 + (-4 - ((0 - 16) + 9))?
9
What is the value of 6 + 4 + -5 - (-5 + -4 + 2)?
12
What is -1 + (-6 - (5 + -9) - (18 - 10))?
-11
Calculate (24 - 16) + -7 + -6.
-5
What is -19 + 3 + 25 - (12 + 2)?
-5
Calculate -2 + (14 - (0 + (3 + -3 - -7))).
5
What is -1306 - -1305 - (-5 - 1 - (-1 + 2))?
6
-20 + 27 + 0 + -12
-5
Evaluate 0 - 2 - ((46 - -2) + -29).
-21
(-2 - -4) + -15 + 6 + -5 + 6
-6
Calculate (7 - 2) + (-2 - 2) + 7.
8
What is (16 - 21) + (-13 - -23)?
5
-11 + 17 + -3 - (1 - 6)
8
Calculate (-5 - (-5 - (-5 - 0 - -9))) + 17.
21
(-16 - -15) + (-19 - (0 + -5 + 3))
-18
What is 28 + 6 + -7 - 36?
-9
Evaluate (14 + -22 - (-8 + 3) - 4) + -4.
-11
Calculate -7 - -8 - 6 - (-2 - -2) - 5.
-10
What is 33 - (22 + -14) - (3 - (19 + -4))?
37
(49 - 65) + 10 + -2 - (2 - -6)
-16
Calculate 13 - ((-29 - -12) + 32).
-2
Calculate -10 - ((2 - 35) + (13 - 10)).
20
What is the value of -19 - -35 - 14 - ((-1 - -1) + 2)?
0
-14 + 2 + 9 - (2 - (-1 - -9))
3
What is the value of -5 + ((7 - -2) + -6 - 4)?
-6
What is (24 - 45) + 3 + 13?
-5
Calculate 11 + (9 - 16) - 5.
-1
What is the value of 18 - (-14 + 17 - -16) - 15?
-16
What is the value of 11 - (26 - 3 - (-25 - -26))?
-11
Evaluate ((0 - 1) + 13 - 0) + (-3036 - -3029).
5
Evaluate (1 - -11) + (-33 - (3 - 20)).
-4
What is 44 + -47 + -4 + (-1 - -4)?
-4
What is the value of 8 + (1 - (17 + 15 + -8 + -7))?
-8
(0 - -25) + (24 - -39 - 67)
21
What is the value of -74 - -82 - (1 + -3 + 4)?
6
Calculate (-3 - 0 - 0) + (-3 - (-31 - -23)).
2
What is 9 + -25 + -15 - (4 + 3 + -9)?
-29
Calculate 3 - ((6 - 26) + 9) - 9.
5
Calculate (27 - (-5 + -1)) + -20.
13
What is -12 - 5 - -3 - (91 + -101)?
-4
-6 + -24 + 15 + 6
-9
-35 + 24 - (-4 - (-2 + -1) - -4)
-14
Evaluate (26 - (6 + -17)) + -5.
32
Calculate (-19 - 23) + 19 - -11.
-12
-10 + 25 - 15 - (6 + -13)
7
What is (-2 - 3) + -4 + (3 - -14)?
8
What is 7 + (16 - (13 - (18 + -13)))?
15
What is -6 + 7 + (4 - (7 + 1)) + 8?
5
What is -2 + 17 + (-4 - 2 - 3)?
6
What is ((2 - -8) + -3 - 13) + (1 - -6)?
1
What is the value of (-11 - -3 - (25 - 43)) + -28?
-18
Evaluate -13 - -4 - (-1 + (4 + 4 - 9)).
-7
1 + -1 + -36 + 59 + -5
18
Evaluate 8 - (-2 + 13 + 9).
-12
What is (2 - 3) + -5 - (-165 - -161)?
-2
(21 + -20 - (2 - 3)) + (1 - -3)
6
Calculate -27 - (-17 + -14 + 13).
-9
Calculate -248 + 247 - (-3 - 0).
2
46 + (-41 + -35 - -19)
-11
Evaluate -1 - (8 + 14 + -44).
21
Calculate (-113 - -97) + 0 + 7.
-9
What is 8 + 17 + -47 + 2?
-20
What is the value of -7 + (0 - (10 - 5)) - (0 + -1)?
-11
Evaluate 5 - (-7 + 16 + -17 + 19).
-6
What is -6 - (3 + -9) - (16 + -5)?
-11
What is the value of -2 + (2 - 0) + 9 + (1406 - 1413)?
2
What is the value of -2 + 2 - (5 + 9 + -18 + -3)?
7
What is (-1 - 16) + 11 - 1 - -6?
-1
What is 4 + (3 - (-4 + 6)) + -11 - -11?
5
What is 9 + -2 + (2 - 7) + -15 + 29?
16
What is -1 - 24 - (-2 - -3) - (604 + -605)?
-25
-18 + 19 + (-4 - (0 - 5))
2
-2 - (6 + (-6 - 8 - -9))
-3
-4 + (-19 - -17) + 1
-5
What is (5 - 2) + (19 - 4) + 13?
31
What is 14 + (-17 - -2) + 14?
13
Evaluate -26 + 1 + 31 + 1 + (-12 - 16).
-21
Calculate (17 + -16 - (-34 + 8)) + -18.
9
What is the value of (8 + 50 - -5) + -15 - 14?
34
Evaluate -7 + (19 + -11 - 8).
-7
What is -18 + 20 + -9 - -5?
-2
Evaluate -21 + 39 + -5 + -34.
-21
Calculate (9 - 3) + -8 + 6.
4
What is -12 + -10 + 0 + 17 - 2?
-7
What is (-6 - -1 - 34) + (27 - (21 + -5))?
-28
What is the value of -34 + (-29 + 10 - -23)?
-30
What is the value of (21 - 42) + -22 + 31?
-12
Calculate 14 + (-11 - -13 - 13 - 0).
3
Calculate 2 + 4 + -7 + 0 + 29 + -20.
8
What is 11 - 12 - (-1 - 0) - (231 - 240)?
9
What is the value of 29 - 1 - (207 + -208)?
29
Calculate 16 - 1 - (17 + -3 + -17).
18
What is the value of -1 - (71 + -57 - (2 + -12))?
-25
What is -13 + (-28 - -1) + 51?
11
86 + -91 + -1 + -1 + (4 - 2)
-5
-9 - -1 - -3 - 2
-7
Calculate (0 - (2 + 3) - 5) + 2.
-8
What is -7 + -1 + 7 + (13 - (13 - 8))?
7
What is (5 - (5 - -7)) + 6 - 9?
-10
Evaluate -3 - (6 - 8 - 13) - (-11 + 11).
12
Calculate -14 + 13 + -3 + (10 - 2).
4
Calculate 0 + 9 + -12 + (1 - -12).
10
Evaluate 14 + (-46 - (-26 + -3)).
-3
Evaluate 13 - (7 - (2 + -8 + 1)).
1
12 + -32 + -1 - -50
29
Evaluate 16 - (-12 + 15) - 1.
12
-5 + (-8 - 1 - (-16 + 8))
-6
What is -6 - (6 + 9 + -13 - 5)?
-3
What is the value of -4 - (10 - (15 - -1))?
2
What is 12 + (48 - 23 - 21)?
16
What is the value of 4 + -1 + 152 + -161?
-6
Evaluate -10 - (-2 - -4) - ((6 - 29) + 19).
-8
What is 13 + 36 + -34 - 25?
-10
Calculate -8 - -5 - (17 - (3 + 3)).
-14
What is -10 + 3 + (11 - 7) - (10 + -1)?
-12
Calculate 9 + 1 + (30 + -23 - 39).
-22
Calculate (1 - -5) + (-3 - 11) + -5.
-13
What is 6 + -2 + 0 + (-13 - -9)?
0
What is the value of ((9 - 17 - -3) + 3 - 6) + 26?
18
Evaluate -2 - (2 + -6 + 2 - (-4 + 3)).
-1
13 + (9 - (-2 + 15)) - 22
-13
Calculate (-3 - (-27 - -9)) + -15 - -15.
15
Evaluate -20 + (28 - (14 - 28)).
22
0 + (15 - (-3 - (-9 + -2)))
7
-2 + 6 + 1 + (-45 - (3 - 51))
8
Evaluate (1 - -2) + -13 + (-30 - 6) + 25.
-21
Evaluate (-7 - -36) + -51 + (-3 - -21).
-4
What is the value of 20 + (5 - 19) + -1?
5
Calculate (-2 - 4 - (-10 - (1 + -8))) + -1.
-4
(-4 - 2 - 4) + (-7 - -5)
-12
(-4 + -10 -